78?
126
Calculate the greatest common divisor of 12779 and 193651.
983
What is the greatest common divisor of 22376 and 8?
8
What is the highest common divisor of 7 and 11599?
7
What is the greatest common factor of 33605 and 2145?
715
Calculate the highest common divisor of 677257 and 91.
7
What is the highest common divisor of 2343399 and 51?
51
What is the highest common factor of 24654 and 567?
21
Calculate the greatest common divisor of 360 and 218460.
60
What is the greatest common divisor of 23 and 35857?
23
Calculate the highest common divisor of 98978 and 968.
242
What is the greatest common divisor of 40 and 572?
4
What is the highest common factor of 110544 and 4368?
336
What is the highest common factor of 1403 and 671?
61
Calculate the highest common divisor of 705179 and 5526.
307
Calculate the greatest common factor of 24087 and 1776.
111
What is the greatest common factor of 93 and 6913?
31
Calculate the highest common divisor of 280298 and 11567.
269
What is the highest common factor of 195 and 13319865?
195
Calculate the greatest common divisor of 16 and 2525872.
16
Calculate the greatest common divisor of 692 and 124.
4
Calculate the greatest common factor of 287 and 91840.
287
What is the greatest common factor of 2873 and 32929?
221
What is the greatest common factor of 2139 and 4836?
93
What is the greatest common factor of 269121 and 218?
109
Calculate the greatest common factor of 45 and 40220.
5
Calculate the highest common divisor of 45 and 216639.
9
What is the highest common divisor of 71876 and 112?
28
What is the highest common factor of 22141 and 7?
7
Calculate the greatest common divisor of 32 and 826192.
16
Calculate the highest common divisor of 11713 and 272.
17
Calculate the greatest common factor of 75 and 3840.
15
What is the greatest common factor of 299970 and 404?
202
Calculate the highest common factor of 549376 and 20.
4
Calculate the highest common divisor of 855634 and 130.
26
Calculate the highest common divisor of 127259 and 253.
253
Calculate the highest common factor of 745732 and 65.
13
Calculate the greatest common factor of 44874 and 1458.
162
What is the greatest common factor of 108 and 5537862?
54
What is the greatest common divisor of 50416 and 6?
2
Calculate the highest common factor of 5200 and 176.
16
What is the highest common factor of 957793 and 151?
151
Calculate the highest common factor of 8 and 308.
4
What is the greatest common divisor of 116655 and 146955?
1515
What is the greatest common divisor of 1450 and 412960?
290
What is the greatest common divisor of 551912 and 80?
8
What is the greatest common divisor of 118417 and 13?
13
Calculate the greatest common factor of 1852 and 3973929.
463
Calculate the greatest common divisor of 27753 and 33.
33
Calculate the highest common factor of 8262 and 1026.
54
Calculate the highest common factor of 1638 and 3843.
63
Calculate the highest common divisor of 385860 and 2700.
60
What is the highest common factor of 73836 and 140?
28
What is the greatest common divisor of 102 and 7986?
6
What is the highest common divisor of 9222 and 15582?
318
What is the greatest common factor of 511056 and 84?
84
What is the highest common factor of 275119 and 104?
13
What is the greatest common factor of 3447 and 97282?
383
Calculate the greatest common factor of 1018 and 157.
1
What is the greatest common divisor of 38493 and 56?
7
What is the greatest common factor of 6969 and 759?
69
What is the highest common divisor of 91024 and 160?
16
Calculate the highest common factor of 742 and 854.
14
What is the highest common factor of 10 and 881330?
10
What is the greatest common factor of 5146 and 16766?
166
Calculate the highest common factor of 229823 and 3179.
187
Calculate the greatest common factor of 78 and 4597203.
39
What is the highest common factor of 470 and 575844?
94
What is the highest common divisor of 20 and 47350?
10
What is the highest common divisor of 35 and 1015?
35
Calculate the highest common factor of 5756 and 96.
4
Calculate the highest common factor of 20568 and 192.
24
Calculate the highest common divisor of 36165 and 2445.
15
What is the highest common factor of 27 and 2799?
9
What is the highest common divisor of 31350 and 220?
110
Calculate the highest common divisor of 657791 and 413.
59
What is the greatest common divisor of 36 and 229842?
18
What is the highest common divisor of 28 and 59717?
7
Calculate the highest common factor of 143 and 25246.
13
What is the highest common divisor of 21079 and 1182?
197
Calculate the highest common factor of 294 and 5341.
49
What is the highest common divisor of 30930 and 285?
15
Calculate the greatest common factor of 14568 and 3972.
12
Calculate the greatest common divisor of 213647 and 161.
161
What is the greatest common divisor of 2201 and 636941?
71
Calculate the highest common factor of 146 and 17447.
73
Calculate the highest common factor of 1325 and 11024.
53
What is the greatest common factor of 2580 and 1440?
60
Calculate the greatest common divisor of 80 and 11870.
10
What is the highest common factor of 70494 and 2046?
186
What is the highest common divisor of 858 and 27313?
143
What is the highest common divisor of 685 and 275233?
137
What is the greatest common divisor of 1006204 and 138?
46
Calculate the highest common factor of 8 and 34442.
2
Calculate the greatest common factor of 9142 and 574.
14
Calculate the highest common divisor of 22707 and 2133.
27
What is the highest common factor of 6149 and 46761?
143
Calculate the greatest common divisor of 177731 and 223.
223
Calculate the greatest common factor of 162975 and 53.
53
What is the greatest common divisor of 100 and 31440?
20
What is the highest common divisor of 44 and 11693?
11
Calculate the highest common factor of 1664 and 325.
13
What is the highest common divisor of 644 and 1091741?
161
What is the highest common divisor of 232 and 3208?
8
What is the highest common divisor of 1508 and 14664?
52
Calculate the highest common factor of 177 and 3108.
3
Calculate the greatest common factor of 2005198 and 662.
662
Calculate the greatest common factor of 6989 and 164603.
241
Calculate the greatest common divisor of 2077298 and 1142.
1142
Calculate the highest common factor of 31722 and 12.
6
What is the greatest common divisor of 271794 and 582?
582
Calculate the greatest common divisor of 648 and 1937844.
324
What is the highest common divisor of 345 and 11040?
345
What is the greatest common factor of 69 and 27669?
69
Calculate the greatest common factor of 212 and 3975.
53
What is the greatest common factor of 249 and 60756?
249
Calculate the greatest common divisor of 279 and 369.
9
What is the greatest common divisor of 39402 and 1650?
66
What is the greatest common divisor of 938 and 33433?
67
Calculate the greatest common factor of 417093 and 123.
123
What is the greatest common divisor of 238850 and 281?
281
Calculate the greatest common factor of 5348 and 13384.
28
What is the highest common factor of 6302 and 685?
137
What is the greatest common divisor of 104360 and 40?
40
Calculate the highest common factor of 557938 and 124.
62
What is the greatest common divisor of 9 and 267?
3
What is the highest common divisor of 216184 and 488?
488
Calculate the highest common divisor of 24 and 291752.
8
What is the highest common factor of 11644 and 13916?
284
What is the highest common factor of 44884 and 1?
1
What is the highest common divisor of 2325 and 744?
93
Calculate the greatest common factor of 216 and 65712.
24
What is the greatest common divisor of 12861 and 36?
9
What is the highest common factor of 10603 and 207?
23
Calculate the highest common factor of 36363 and 1209.
93
What is the greatest common factor of 3630 and 930?
30
Calculate the greatest common factor of 32 and 13492.
4
Calculate the greatest common divisor of 289587 and 996.
249
Calculate the greatest common divisor of 276 and 145908.
12
Calculate the greatest common divisor of 48580 and 420.
140
What is the highest common divisor of 220669 and 5513?
149
Calculate the greatest common factor of 30 and 38140.
10
What is the highest common factor of 71063 and 5191?
179
What is the greatest common divisor of 2981 and 484?
11
Cal